the prime factors of 81327?
3, 27109
What are the prime factors of 533988?
2, 3, 7, 13, 163
What are the prime factors of 17310397?
13, 61, 83, 263
What are the prime factors of 2906020?
2, 5, 13, 11177
What are the prime factors of 9330858?
2, 3, 17, 30493
List the prime factors of 1286315.
5, 257263
What are the prime factors of 176986?
2, 88493
List the prime factors of 20599657.
13, 29, 101, 541
List the prime factors of 137520.
2, 3, 5, 191
What are the prime factors of 219915?
3, 5, 181
List the prime factors of 991531.
991531
What are the prime factors of 1354408?
2, 11, 15391
What are the prime factors of 2340716?
2, 7, 83597
What are the prime factors of 6272596?
2, 11, 142559
What are the prime factors of 3956119?
3956119
List the prime factors of 874737.
3, 83, 1171
List the prime factors of 123158.
2, 7, 19, 463
What are the prime factors of 15549?
3, 71, 73
What are the prime factors of 361793?
361793
What are the prime factors of 2644446?
2, 3, 7, 79, 797
List the prime factors of 4299.
3, 1433
What are the prime factors of 23795?
5, 4759
List the prime factors of 18054890.
2, 5, 7, 37, 6971
What are the prime factors of 27897196?
2, 43, 241, 673
What are the prime factors of 13722791?
17, 577, 1399
List the prime factors of 798828.
2, 3, 66569
List the prime factors of 33353281.
13, 653, 3929
List the prime factors of 18605927.
18605927
What are the prime factors of 1485340?
2, 5, 23, 3229
List the prime factors of 4320425.
5, 43, 4019
What are the prime factors of 14168000?
2, 5, 7, 11, 23
List the prime factors of 1110120.
2, 3, 5, 11, 29
What are the prime factors of 1450728?
2, 3, 20149
What are the prime factors of 689584?
2, 7, 47, 131
List the prime factors of 1288493.
1009, 1277
List the prime factors of 7547204.
2, 7, 269543
List the prime factors of 540492.
2, 3, 73, 617
What are the prime factors of 842942?
2, 421471
List the prime factors of 213186.
2, 3, 35531
What are the prime factors of 5095549?
5095549
What are the prime factors of 361727?
361727
What are the prime factors of 448516?
2, 112129
What are the prime factors of 2024549?
349, 5801
What are the prime factors of 4942840?
2, 5, 7, 127, 139
What are the prime factors of 4873130?
2, 5, 487313
List the prime factors of 251205.
3, 5, 16747
List the prime factors of 6331787.
7, 11, 82231
List the prime factors of 73048.
2, 23, 397
What are the prime factors of 2984434?
2, 23, 64879
What are the prime factors of 26428?
2, 6607
List the prime factors of 17000787.
3, 131, 181, 239
What are the prime factors of 3155132?
2, 17, 46399
What are the prime factors of 215639?
191, 1129
What are the prime factors of 3351403?
11, 127, 2399
List the prime factors of 107095.
5, 21419
What are the prime factors of 368597?
368597
What are the prime factors of 2262178?
2, 19, 59, 1009
What are the prime factors of 917350?
2, 5, 7, 2621
List the prime factors of 1490409.
3, 165601
List the prime factors of 10415917.
17, 631, 971
What are the prime factors of 716827?
716827
List the prime factors of 152304.
2, 3, 19, 167
What are the prime factors of 106443?
3, 11827
What are the prime factors of 1289408?
2, 20147
What are the prime factors of 5038094?
2, 2519047
What are the prime factors of 840779?
43, 19553
List the prime factors of 183945.
3, 5, 12263
What are the prime factors of 252659?
11, 103, 223
List the prime factors of 195430.
2, 5, 19543
List the prime factors of 138214.
2, 29, 2383
List the prime factors of 289648.
2, 43, 421
List the prime factors of 8326047.
3, 19, 43, 79
What are the prime factors of 1517113?
13, 47, 191
List the prime factors of 424291.
7, 1237
What are the prime factors of 476530?
2, 5, 47653
List the prime factors of 224592.
2, 3, 4679
What are the prime factors of 206106?
2, 3, 34351
What are the prime factors of 142333?
317, 449
What are the prime factors of 129513?
3, 23, 1877
List the prime factors of 1068114.
2, 3, 67, 2657
List the prime factors of 189114.
2, 3, 43, 733
List the prime factors of 168448.
2, 7, 47
What are the prime factors of 1790785?
5, 358157
What are the prime factors of 2182079?
23, 94873
List the prime factors of 219330.
2, 3, 5, 2437
List the prime factors of 3885938.
2, 7, 277567
List the prime factors of 3315960.
2, 3, 5, 61, 151
What are the prime factors of 6884397?
3, 13, 29, 2029
List the prime factors of 7131372.
2, 3, 594281
What are the prime factors of 4340387?
503, 8629
List the prime factors of 4319884.
2, 137, 7883
What are the prime factors of 5390389?
5390389
What are the prime factors of 1220708?
2, 79, 3863
What are the prime factors of 28131438?
2, 3, 19, 23, 10729
List the prime factors of 277058.
2, 19, 23, 317
List the prime factors of 331014.
2, 3, 43, 1283
List the prime factors of 5638421.
19, 167, 1777
List the prime factors of 246813.
3, 7, 23, 73
List the prime factors of 5445780.
2, 3, 5, 17, 19, 281
List the prime factors of 3097254.
2, 3, 516209
List the prime factors of 772078.
2, 386039
What are the prime factors of 444268?
2, 11, 23, 439
List the prime factors of 4611405.
3, 5, 31, 47, 211
List the prime factors of 1091840.
2, 5, 853
What are the prime factors of 14425042?
2, 37, 194933
What are the prime factors of 6101608?
2, 151, 5051
List the prime factors of 36033.
3, 12011
List the prime factors of 2604051.
3, 89, 3251
List the prime factors of 7433652.
2, 3, 619471
List the prime factors of 197690.
2, 5, 53, 373
What are the prime factors of 19207008?
2, 3, 17, 3923
What are the prime factors of 11142793?
73, 152641
List the prime factors of 2736072.
2, 3, 53, 239
List the prime factors of 1897487.
101, 18787
What are the prime factors of 471173?
471173
List the prime factors of 11903970.
2, 3, 5, 13, 131, 233
List the prime factors of 81687.
3, 73, 373
List the prime factors of 1652905.
5, 19, 127, 137
What are the prime factors of 6009779?
137, 43867
What are the prime factors of 1702298?
2, 13, 233, 281
List the prime factors of 850316.
2, 212579
List the prime factors of 306360.
2, 3, 5, 23, 37
List the prime factors of 11551871.
31, 191, 1951
List the prime factors of 174508.
2, 43627
List the prime factors of 368265.
3, 5, 24551
What are the prime factors of 6724?
2, 41
What are the prime factors of 61058?
2, 30529
List the prime factors of 86410.
2, 5, 8641
What are the prime factors of 13589?
107, 127
What are the prime factors of 257727?
3, 85909
List the prime factors of 2233933.
13, 239, 719
What are the prime factors of 5821464?
2, 3, 11, 22051
List the prime factors of 6957343.
6957343
List the prime factors of 5977377.
3, 7, 79, 1201
List the prime factors of 36941216.
2, 13, 88801
What are the prime factors of 30560448?
2, 3, 159169
List the prime factors of 31348885.
5, 23, 101, 2699
What are the prime factors of 24648592?
2, 139, 11083
What are the prime factors of 19655744?
2, 307121
What are the prime factors of 19285695?
3, 5, 11, 13, 37
What are the prime factors of 415417?
127, 3271
What are the prime factors of 3303585?
3, 5, 2719
List the prime factors of 3725496.
2, 3, 59, 877
List the prime factors of 54130.
2, 5, 5413
What are the prime factors of 77700?
2, 3, 5, 7, 37
What are the prime factors of 803598?
2, 3, 67, 1999
What are the prime factors of 10785662?
2, 1163, 4637
List the prime factors of 1810898.
2, 905449
What are the prime factors of 21870103?
21870103
List the prime factors of 13304314.
2, 6652157
What are the prime factors of 23477?
17, 1381
List the prime factors of 83423.
83423
List the prime factors of 492732.
2, 3, 13687
What are the prime factors of 499475?
5, 19979
List the prime factors of 30704304.
2, 3, 19, 131, 257
What are the prime factors of 111946?
2, 223, 251
List the prime factors of 2685473.
7, 17, 22567
List the prime factors of 10338621.
3, 1367, 2521
List the prime factors of 863856.
2, 3, 7, 857
List the prime factors of 7320367.
73, 100279
List the prime factors of 236020.
2, 5, 11801
List the prime factors of 195740.
2, 5, 9787
What are the prime factors of 2318704?
2, 313, 463
What are the prime factors of 414977?
414977
What are the prime factors of 448647?
3, 17, 19, 463
What are the prime factors of 268822?
2, 257, 523
List the prime factors of 6101399.
43, 47, 3019
List the prime factors of 4254412.
